d h?
20
Suppose 10*r - 690 = 8*r. Suppose 2*a + r = 5*a. Suppose 0 = -5*d - 5*u + 125, -5*d + a = -3*u - 2*u. Calculate the highest common divisor of d and 8.
8
Suppose -p - 18 = 2*p. Let o be (-243)/(6/(36/p)). Calculate the highest common divisor of 27 and o.
27
Suppose -2425*v + 2440*v - 315 = 0. What is the highest common divisor of v and 5439?
21
Let b = -170 - -81. Let t = b + 32. Let m = t + 81. What is the highest common factor of 24 and m?
24
Suppose 323*q + 2*x - 91 = 322*q, 4*q + 3*x = 349. Calculate the highest common factor of 340 and q.
85
Suppose -2018 = -4*v - 3*x + 6*x, 4*x + 2024 = 4*v. What is the greatest common factor of 700 and v?
100
Let j be (-484)/(-10) - 4/10. Let n be (5/(-15))/((-4)/48) - -152. Let i = -140 + n. What is the highest common divisor of j and i?
16
Suppose 6*t + 13*f - 29342 = 11*f, -f = t - 4895. What is the greatest common factor of 936 and t?
104
Let u be 5 + 13/(104/1280). Suppose 4*r - 7 = 13. Suppose -r*m - u = -5*c, 5*m + 0 + 15 = 0. Calculate the greatest common factor of c and 75.
15
Let l = -1060 - -1225. What is the greatest common divisor of l and 550?
55
Suppose -70*h + 150 = -65*h. Suppose 5*q - 520 = -5*l, -4*l + 64 = 2*q - 142. Suppose -3*v + q = -2*v. Calculate the highest common divisor of h and v.
15
Let b be (200/24)/(64/(-66) + 1). What is the highest common divisor of 775 and b?
25
Let t be (-1782)/(-15) - (-28)/(-35). Let l(x) = 122*x - 63. Let z be l(1). What is the highest common factor of t and z?
59
Let w = 81 + -49. Suppose 24*s - w*s = -152. Calculate the highest common divisor of s and 171.
19
Let m = 14086 - 4552. What is the highest common divisor of 42 and m?
42
Let k(b) = b**2 - 6*b - 2. Let c be k(7). Suppose 460 - 40 = c*h. Suppose -14*t + 54 = 4*t - 198. Calculate the highest common factor of h and t.
14
Suppose 513 = 4*c - 519. Suppose 0 = 5*j + 5*u + 90, -2*j + 5*u = -4*j - 45. Let y = j + 58. Calculate the greatest common factor of y and c.
43
Suppose r - 64 = -4*b, -4*b + 6*b = -3*r + 172. Suppose -3*d + 24 - 9 = 0. Let t(o) = -o + 12. Let n be t(d). What is the greatest common divisor of r and n?
7
Let o be (22/4)/((-17)/(-204)). What is the greatest common factor of 77 and o?
11
Let f = 413 - 107. What is the greatest common factor of 170 and f?
34
Suppose 4*d - 1860 = 516. Let c(r) = -r**2 + 225*r + 2862. Let v be c(-12). What is the greatest common divisor of d and v?
18
Let a be (-42)/4*(1824/(-84) - -16). Calculate the greatest common divisor of a and 8145.
15
Let p(v) = 6*v - 86. Let x be p(12). Let m be 0 - (1 - x/(-2)). What is the greatest common divisor of m and 30?
6
Suppose -6 = -w + 74. Let n be 140/40 - (-225)/(-70) - (-668)/14. What is the greatest common factor of w and n?
16
Suppose -p = 5*i - 895, -4*i - 29 + 751 = 2*p. What is the highest common divisor of i and 5251?
89
Suppose -51 = 3*y + 2*y - 141. Let h be (812/16)/(2/(-8)). Let f = h - -329. What is the greatest common divisor of f and y?
18
Let f = -820 - -732. Let j be -24*(-8 + f/(-16)). Let t(a) = -a**3 - 5*a - 2. Let i be t(-3). Calculate the greatest common factor of i and j.
20
Suppose -5*c = -44 + 14. Suppose f + 2*l = c, 5*l - 8 = -f + 7. Suppose -4*k - 3*t + 408 = f, -20 = k - t - 115. What is the highest common divisor of k and 66?
33
Suppose 0 = q - 9 - 2. Let w be (-36)/(-8)*10/15. Suppose -13 - q = -w*z. Calculate the highest common divisor of 56 and z.
8
Let g be (154/33 + -6)*(-11229 + 0/5). What is the highest common factor of g and 76?
76
Suppose 8*t + 41 + 7 = 0. Let f(k) = -k - 7. Let o be f(t). Let d be 2781/36 - (1/4 + o). Calculate the highest common divisor of d and 117.
39
Let i = 6 + -1. Suppose 2*k - i*k = -2*q + 29, 79 = 4*q + k. Let a be 228/8*(-20)/(-30). What is the highest common factor of a and q?
19
Let y be 39400 - (10*(-18)/(-15))/(76/57). What is the highest common divisor of 11 and y?
11
Let c be ((-1930248)/(-90))/19 - -6*4/(-30). What is the greatest common factor of c and 24?
24
Let q be (-33)/(-3)*4/(-2). Let m = 48 - q. Let z = m - 42. Calculate the greatest common factor of 28 and z.
28
Suppose 0 = -2*q + t - 9, 2*t - 33 = 5*q + 3*t. Let r be 7 + q - 6/4*-22. Let l = r - 30. What is the highest common divisor of l and 4?
4
Suppose 226 = 3*t - 8*h + 3*h, -6*t = 5*h - 467. Calculate the highest common divisor of 55 and t.
11
Let d(g) = g**3 + 15*g**2 - g - 25. Let r be d(-15). Let s = r - -19. Suppose 10*f - 154 = s*f. Calculate the highest common factor of f and 14.
14
Let s be -1 - (-310 - 0) - (-6 - -7). What is the greatest common factor of s and 1?
1
Suppose 4*f - 2392 = -9*f. Let r be (-5 - -2) + 10*2. Suppose 0 = -r*q + 12*q + 115. What is the highest common divisor of q and f?
23
Let r(k) = 235*k**2 + 31*k + 70. Let g be r(-2). Calculate the highest common divisor of 96 and g.
12
Suppose 6*u = 4*u - 5*x + 70, -5*x - 80 = -4*u. Suppose -5*w = u, -2*z - 71 = 4*w - 147. Calculate the greatest common divisor of 672 and z.
48
Let o be (-1)/(-4) + 102/8. Let k(n) = 3*n**3 - 16*n**2 - 7. Let l be (-2)/18*-3*18. Let w be k(l). Calculate the greatest common factor of w and o.
13
Suppose 0 = 7*q - 19 - 16. Let k be (-7 - 1)*(13 + (2 - q)). Let n be 45/15*k/(-6). What is the highest common divisor of n and 5?
5
Let x(p) = 7*p + 76. Let i be x(-11). Let s be (3 - 9 - 345)*i. What is the greatest common factor of 13 and s?
13
Let p(h) = -344*h + 18. Let c be p(0). Let o(k) = 29*k**2 + 5*k + 2. Let b be o(4). What is the highest common factor of b and c?
18
Let b be (1550/217 + -11 + 1)/(2/(-154)). Calculate the greatest common factor of 4 and b.
4
Let h(z) = z**2 - 11*z - 20. Let r be h(-9). Suppose 9*f - 74 = r. Calculate the highest common divisor of 39 and f.
13
Let f = 683 - 970. Let u = f + 290. Calculate the greatest common factor of u and 4.
1
Let v be 16/(240/(-6645))*-8. Calculate the greatest common divisor of v and 32.
8
Let l(w) = 13*w**2 + 69*w + 917. Let m be l(-35). Calculate the greatest common divisor of m and 63.
63
Suppose -5*n = -4*n - 102. Let t(o) = o**2 - 134*o + 3885. Let p be t(36). Calculate the greatest common factor of n and p.
51
Let c be 2/(-6) + (-181)/(-3). Let t = -645 + 643. Let l(s) = -12*s**2 - 31*s - 2. Let z be l(t). What is the highest common factor of c and z?
12
Let k be (-1)/7 - 3118775/(-847). Calculate the highest common factor of 28 and k.
14
Let b be (-1 + 2)/(2/36). Let g(t) = -2*t**2 - 119*t + 288. Let x be g(0). Calculate the highest common factor of x and b.
18
Suppose -23*v - 43 = -20. Let b be 2/2 + (-2 - (-10 - v)). What is the greatest common factor of 72 and b?
8
Suppose -2*h + 177 = -5*o, 2*h + 3*h - 390 = 2*o. Suppose -3*g + 179 = -4*z, 0 = 2*g + 7*z - 4*z - 108. Calculate the highest common factor of g and h.
19
Let i be 4/10*(2 - -18). Let d(c) = 65*c**3 - 4*c**2 - 5*c + 17. Let s be d(2). Let q = s + -483. What is the highest common divisor of q and i?
4
Let v(m) = m + 11. Let s be v(1). Let o(w) = 2*w**2 - 11*w - 24. Let j be o(s). Calculate the highest common factor of j and 12.
12
Let c be ((-8120)/(-5))/14 + -12. What is the greatest common divisor of 2340 and c?
52
Let w(t) be the first derivative of 3*t**4/4 + 2*t**3/3 - 3*t**2/2 + 3*t - 178. Let l be w(2). Calculate the greatest common divisor of 87 and l.
29
Let q(a) = a**3 + 2*a**2 + 2*a + 3. Let f be q(0). Suppose -r + u + 286 = 0, f*r = 6*r - 2*u - 862. Calculate the highest common divisor of 10 and r.
10
Let j(b) = -264*b + 30. Let u be j(1). Let d be (-11362)/u + (-4)/(-9). Calculate the greatest common divisor of d and 7.
7
Suppose 6*l + 33 = -165. Let y = l - -84. Let q(x) = 2*x**3 - 2*x**2 - 7*x + 17. Let m be q(4). What is the greatest common factor of m and y?
17
Suppose 7*r - 1240 = -64. Suppose -5*l = l - r. Calculate the greatest common divisor of 21 and l.
7
Let v be 4/(-22) - 125/(-55)*-3 - -1132. What is the highest common divisor of v and 72?
9
Let k(j) = -j**2 + 11*j + 557. Let d be k(-18). Let n = -161 + 231. What is the highest common factor of d and n?
35
Let t(f) = -f**2 - 76*f - 1416. Let l be t(-42). Calculate the highest common divisor of l and 208.
4
Suppose 124 = 4*c + 148, -5*s - 3*c + 24992 = 0. What is the highest common factor of s and 244?
122
Let i = 1477 + -1449. Let z(g) = 12*g**2 + 2*g - 3. Let 